) = 9*w**2 - 981*w - 1168. Determine d(108).
-2140
Let s(u) = 7*u**3 - 57*u**2 + 82*u - 173. Give s(7).
9
Let i(z) = -z**3 - 74*z**2 + 7838*z - 250. Calculate i(59).
-781
Let v(w) = -109*w + 1968. Give v(18).
6
Let x(k) = -k**2 - 111*k - 1055. What is x(-98)?
219
Let x(w) = 190*w**2 - 415*w - 12. Calculate x(5).
2663
Let j(a) = 3*a**2 + 1322*a + 3967. What is j(-3)?
28
Let d(b) = 22*b**3 - 54*b**2 - 11*b - 138. Calculate d(7).
4685
Let h(u) = -12770*u + 1685644. Determine h(132).
4
Let a(d) = d**3 + 38*d**2 - 251*d - 9388. Calculate a(-38).
150
Let i(z) = z**3 - 124*z**2 - 1670*z - 15226. What is i(137)?
-19
Let w(f) = 1024434*f + 27659718. What is w(-27)?
0
Let y(r) = 3*r**2 + 166*r - 18610. What is y(-111)?
-73
Let i(z) = 2*z**3 - 379*z**2 - 176*z - 2619. Determine i(190).
41
Let l(z) = z**3 + 112*z**2 + 152*z - 7533. What is l(-110)?
-53
Let q(w) = 18167*w + 54128. Give q(-3).
-373
Let u(d) = -3*d**3 + 178*d**2 + 24*d - 10. Give u(0).
-10
Let u(p) = -9131*p - 9194. What is u(-1)?
-63
Let m(d) = -12*d**2 - 2094*d + 65. Calculate m(-174).
1109
Let z(r) = -r**2 - 10042*r + 160743. Give z(16).
-185
Let f(c) = -c**2 + 71343*c - 7906749. Give f(111).
3
Let h(k) = 1059*k + 6754. What is h(-7)?
-659
Let h(a) = -a**2 + 116*a - 3274. Calculate h(68).
-10
Let t(q) = 747*q + 203170. Give t(-272).
-14
Let x(w) = -368*w**2 + 689*w - 11. Give x(4).
-3143
Let u(d) = 98*d**2 - 175*d + 695. Determine u(4).
1563
Let j(r) = -2*r**3 - 52*r**2 - 329*r - 77. Give j(-10).
13
Let b(i) = 41708*i - 166859. Calculate b(4).
-27
Let z(o) = -7493*o - 67439. Determine z(-9).
-2
Let b(g) = -17*g**2 - 714*g + 4770. Calculate b(6).
-126
Let i(k) = -8*k**2 + 448*k - 3060. Calculate i(48).
12
Let s(v) = 2*v**3 + 7*v**2 - 214*v + 83. What is s(9)?
182
Let o(z) = 23368*z + 1448822. Determine o(-62).
6
Let p(b) = -b**3 - 65*b**2 - 11*b - 384. Determine p(-65).
331
Let b(y) = -130*y - 3153. Calculate b(-29).
617
Let w(x) = 1140*x**2 - 3432*x + 47. Give w(3).
11
Let t(p) = -97*p**2 + 5046*p + 10084. What is t(-2)?
-396
Let r(v) = -16517*v + 858921. Calculate r(52).
37
Let s(v) = 5*v**2 + 1137*v + 64546. Calculate s(-119).
48
Let x(f) = -f**2 - f + 23. Calculate x(-3).
17
Let m(d) = d**3 + 24*d**2 + 69*d + 121. Give m(-21).
-5
Let x(b) = -4*b**3 + 55*b**2 - 41*b + 16. Give x(12).
532
Let b(k) = -9*k**2 - 240*k + 3854. Give b(16).
-2290
Let t(p) = 2*p**2 + 283*p + 8329. What is t(-42)?
-29
Let d(t) = 175*t**2 + 1638*t + 1906. Give d(-8).
2
Let j(y) = -5*y**3 - 54*y**2 + 663*y + 7183. Determine j(-11).
11
Let f(u) = u**3 - 3*u**2 - 350*u + 2449. What is f(9)?
-215
Let q(l) = -3*l**3 + 1311*l**2 - 98*l + 43402. What is q(437)?
576
Let h(y) = y**2 + 22*y - 481. What is h(-47)?
694
Let l(x) = 7*x**3 - 17*x**2 - 75*x + 55. Give l(-6).
-1619
Let l(k) = -3*k**2 + 285*k + 405044. Give l(-323).
2
Let h(r) = 22*r**2 + 445*r - 467. Determine h(1).
0
Let a(o) = 4*o**3 + 14*o**2 - 9*o + 12. Determine a(-3).
57
Let y(z) = 2*z**3 - 315*z**2 + 2250*z + 14. What is y(150)?
14
Let b(z) = -z**3 + 333*z**2 + 44*z - 14354. Calculate b(333).
298
Let z(f) = -f**3 - 30*f**2 + 102*f + 2186. Give z(-31).
-15
Let v(o) = 1265*o - 3052. What is v(8)?
7068
Let l(f) = 6141*f + 79861. What is l(-13)?
28
Let u(y) = 4532*y - 40647. Give u(9).
141
Let w(p) = -p**2 + 129*p - 2001. Determine w(115).
-391
Let m(j) = 21697*j - 2126290. What is m(98)?
16
Let j(d) = d**3 + 101*d**2 + 1032*d - 225. Give j(-12).
207
Let m(q) = 194*q + 13241. What is m(-49)?
3735
Let c(u) = u**3 - 29*u**2 + 69*u - 3. Determine c(26).
-237
Let w(r) = -r**2 + 8*r + 1279. Determine w(41).
-74
Let p(q) = -q**2 + 38827*q + 155329. Calculate p(-4).
5
Let b(l) = 7*l**3 + 35*l**2 + 41*l - 138. Calculate b(-3).
-135
Let r(b) = -15*b**2 + 842*b - 333. Calculate r(55).
602
Let z(p) = 99819*p + 898385. Determine z(-9).
14
Let n(b) = 6*b**2 - 182*b - 75. What is n(43)?
3193
Let p(a) = 2131*a - 55051. What is p(26)?
355
Let b(s) = 382*s - 1682. What is b(6)?
610
Let s(i) = 7075*i + 2313544. What is s(-327)?
19
Let m(u) = -4*u**3 + 164*u**2 - 1637*u + 41. Give m(17).
-44
Let y(i) = -i**3 + 659*i**2 + 8082*i - 20143. What is y(671)?
-13
Let y(r) = -10*r**3 + 344*r**2 - 126*r - 413. What is y(34)?
-73
Let y(b) = -b**3 - 71*b**2 + 1588*b + 121679. Calculate y(-68).
-177
Let n(w) = 2*w**2 - 356*w + 14750. Give n(66).
-34
Let p(l) = 3*l**3 - 144*l**2 + 1590*l - 17. What is p(17)?
136
Let p(n) = n**3 + 45*n**2 + 249*n + 3164. Give p(-41).
-321
Let x(r) = r**3 - 103*r**2 + 221*r - 839. What is x(101)?
1080
Let j(d) = 13417*d + 13547. Calculate j(-1).
130
Let q(i) = -i**2 + 3072*i - 30598. Give q(10).
22
Let y(r) = r**2 - 311*r - 5234. Determine y(-16).
-2
Let b(j) = -2*j**3 - 483*j**2 + 22517*j + 114. Determine b(40).
-6
Let o(j) = 111*j**2 + 2450*j + 2433. Calculate o(-21).
-66
Let o(t) = 1278*t - 44744. Calculate o(35).
-14
Let p(u) = -5745*u - 132103. What is p(-23)?
32
Let l(t) = 6304*t + 144998. Give l(-23).
6
Let h(l) = 51*l**3 - 274*l**2 + 20*l - 103. Give h(6).
1169
Let w(c) = 7*c**2 - 509*c + 10213. Determine w(25).
1863
Let a(d) = -5*d**3 + 52*d**2 + 86*d + 33. Determine a(12).
-87
Let y(n) = 39*n**2 + 792*n + 110. Determine y(-20).
-130
Let g(r) = -22*r**2 - 2072*r - 361. What is g(-94)?
15
Let s(v) = 2099*v + 19459. What is s(-10)?
-1531
Let o(b) = b**3 - 22*b**2 - 171*b + 59. What is o(-7)?
-165
Let l(q) = 2*q**2 - 83*q + 716. Determine l(16).
-100
Let k(y) = -y**3 + 11*y**2 - 22*y + 25. Calculate k(7).
67
Let s(q) = -15*q**2 + 2018*q + 16194. Determine s(-8).
-910
Let k(n) = 26*n**2 + 4677*n + 4111. Calculate k(-179).
-6
Let f(i) = -354*i + 9860. What is f(28)?
-52
Let c(s) = -5*s**2 - 184*s - 68. Give c(-37).
-105
Let p(z) = -z**2 - 60033*z - 313. Determine p(0).
-313
Let v(f) = f**2 - 277*f + 2024. Give v(271).
398
Let g(j) = j**3 + 143*j**2 + 841*j + 3845. Calculate g(-137).
1242
Let u(x) = -7167*x - 29798. Calculate u(-4).
-1130
Let c(n) = n**3 + 109*n**2 - 121992*n + 30. What is c(299)?
30
Let c(b) = -6*b**2 - 1590*b + 4526. What is c(-267)?
1322
Let q(n) = -n**3 - 55*n**2 - 61*n - 1502. Calculate q(-54).
-1124
Let b(g) = -2*g**2 + 470*g - 20255. Calculate b(64).
1633
Let t(v) = -v**3 + 77*v**2 - 53*v + 3979. What is t(77)?
-102
Let m(x) = 14970*x - 74505. Determine m(5).
345
Let n(x) = x**3 + 28*x**2 + 53*x + 103. Give n(-26).
77
Let d(z) = -831*z - 19993. What is d(-27)?
2444
Let g(s) = -34*s**2 - 3223*s + 3917. Give g(-96).
-19
Let n(u) = -2*u**3 + 21*u**2 - 17*u + 8. Give n(11).
-300
Let l(p) = -p**3 + 228*p**2 - 4927*p - 30040. Give l(203).
4
Let a(x) = x**3 + 22*x**2 + 1740*x + 24511. Calculate a(-15).
-14
Let t(o) = o**3 + 509*o**2 + 57629*o - 333. Determine t(-339).
6
Let p(q) = -56*q**2 + 624*q + 3730. Calculate p(-6).
-2030
Let k(m) = 13*m**2 + 191*m + 86. Calculate k(-14).
-40
Let o(u) = 3591146*u + 68231767. Calculate o(-19).
-7
Let n(u) = 2*u**2 + 114*u + 1240. Determine n(0).
1240
Let w(k) = -4*k**2 - 630*k + 24422. Determine w(32).
166
Let z(i) = -78759*i + 1260099. What is z(16)?
-45
Let x(g) = -3*g**2 + 669*g + 164728. Give x(-148).
4
Let f(d) = 1924*d + 18915. Determine f(-9).
1599
Let i(d) = 24*d**3 + 4*d**2 - 5902*d + 17708. Determine i(3).
686
Let z(u) = 900*u - 5839. Calculate z(6).
-439
Let b(l) = -3*l + 267. Give b(17).
216
Let q(m) = 30501*m + 945511. Determine q(-31).
-20
Let t(r) = 2*r**3 + 49*r**2 - 106*r - 2055. Determine t(-25).
-30
Let w(b) = 10*b**2 + 26*b - 39. Give w(-3).
-27
Let m(g) = g**3 - 29*g**2 + 344*g - 2033. Determine m(15).
-23
Let q(l) = 7*l**3 - 1097*l**2 - 495*l + 28420. Calculate q(157).
3
Let l(h) = -35*h**3 + 237*h**2 + 17*h - 114. Determine l(7).
-387
Let p(z) = z**3 - 118*z**2 + 306*z + 3899. What is p(115)?
-586
Let i(a) = -a**3 + 10*a**2 - 827*a + 9202. What is i(11)?
-16
Let a(h) = -9*h**2 + 225*h - 1244. Calculate a(8).
-20
Let v(r) = -7770*r + 55058. Calculate v(7).
668
Let l(i) = -3*i**3 + 1481*i**2 - 4110*i + 89370. What is l(491)?
8
Let v(x) = 2*x**3 - 29*x**2 - 26*x + 105. Calculate v(13).
-740
Let p(x) = 56*x + 7744. What is p(-146)?
-432
Let d(f) = -1922*f + 357447. Calculate d(186).
-45
Let x(n) = -2*n**3 - 689*n**2 - 30877*n + 1187. What is x(-53)?
21
Let p(b) = b**2 + 114422*b - 2059921. Determine p(18).
-1
Let p(m) = -31*m**2 + 59*m + 383. Determine p(5).
-97
Let p(w) = -303*